is the units digit of d?
2
Let k(y) be the first derivative of -y**2/2 - y + 3. Let u be k(1). Let v(p) = -6*p - 2. What is the units digit of v(u)?
0
Let a = 3 - 1. Let n = 409 + -202. What is the units digit of n/12 - a/8?
7
Suppose 5*p = 3*i + 11, 5*p + 3 = 2*p + 5*i. What is the units digit of p?
4
Let g be 1 + 6 - (1 - 3). Let p = -5 + g. Suppose r = p*r - 42. What is the tens digit of r?
1
Suppose 4*z + 5*y + 23 = -21, -z - 2*y - 11 = 0. Let h = -5 - z. Suppose -2*c = 2 - h. What is the units digit of c?
2
Let q(u) = -u**3 - 5*u**2 + 3*u + 5. Let i be q(-5). Let b be (4/2 + -3)*i. Suppose -b = -2*t - 2. What is the units digit of t?
4
Let w(f) = -23*f - 14. What is the hundreds digit of w(-5)?
1
Let q(r) = -10 - 4*r + 6 + 2*r**2 + 2. What is the units digit of q(-4)?
6
Let b(k) = 20*k - 7. What is the tens digit of b(1)?
1
Suppose -m + 8 = -4*c - c, -4*c = 3*m - 5. Let q be (-9)/6*(1 - m). Let h = 16 - q. What is the units digit of h?
3
Let i(h) = -3*h + 2. Let u(d) = -d**3 + d**2 - d - 1. Let y be u(2). Let o be 2*(y/2 - -1). What is the units digit of i(o)?
7
Let t = 160 + -95. What is the tens digit of t?
6
Let q be (4/(-7))/(1/(-7)). Suppose -5*i = s + q*s - 120, -2*i = 4*s - 88. What is the tens digit of s?
2
Let t be 0 + (2 - (2 + -1)). What is the units digit of (3/6)/(t/12)?
6
Let b = 8 + -5. Suppose -7*f + b*g + 144 = -2*f, 0 = -3*f + 5*g + 80. What is the tens digit of f?
3
Let a = 464 + -251. What is the hundreds digit of a?
2
Let p(m) = m**2 + 2*m - 8. What is the units digit of p(8)?
2
Let u(g) = -g**2 + 7*g - 4. Let c be u(7). What is the units digit of (-5)/10 + (-98)/c?
4
Suppose -f - 6*f = -105. What is the tens digit of f?
1
Let v = -167 + 294. What is the units digit of v?
7
Let o = 151 + 93. What is the hundreds digit of o?
2
Let k(b) = b**3 - 5*b**2 + 9*b - 13. What is the tens digit of k(6)?
7
Let t(z) = 2*z - 9. Let c be t(6). Suppose -c*k = -k - 16. Suppose 4*s - 5*s + k = 0. What is the units digit of s?
8
Let n = -234 - -329. What is the tens digit of n?
9
Let v(k) = -43*k**2 - k. Let f be v(1). Let m = -28 - f. What is the units digit of m?
6
Suppose 4*o - 3*j + 55 = 219, -3*j = 0. What is the tens digit of o?
4
What is the units digit of (107/3)/((-7)/(-21))?
7
Suppose 4*i = 6*i - 8. What is the tens digit of -1 + (i - 2) - -31?
3
Let n = 29 - 20. Suppose 0 = 2*g - 5*g - n. What is the units digit of ((-2)/(-5))/(g/(-30))?
4
Let b be (-54)/(-4)*(-6)/(-9). What is the units digit of 7/b + 4/18?
1
Suppose -10 = -l - 3. What is the units digit of l*(-2 + 3)*1?
7
Suppose d = 2*d - 40. What is the tens digit of d?
4
Suppose 4*k - 99 = -3*t, -3 = -5*t - k + 145. What is the tens digit of t?
2
Suppose -115 = -5*l - 2*q - 0*q, 5*q + 25 = 0. Suppose 3*d - l = -2*d. Suppose 52 + 33 = d*t. What is the tens digit of t?
1
Suppose -4*x - 44 = -16. Let o = 9 + x. What is the units digit of o?
2
Let k be (1*7/1)/1. Let f = 8 - k. What is the units digit of f?
1
Let i be (1 + 0)*(3 - 13). Let a = i + 28. Suppose a = -2*c + 5*c. What is the units digit of c?
6
Let i be (-265)/(-5) - (1 - -2). Let h = 1 - -1. Suppose -i = g - 6*g + h*s, 5*g - 50 = -2*s. What is the units digit of g?
0
Suppose -h - 4 + 2 = 4*c, 4*c + 16 = 0. What is the units digit of h?
4
Let t(i) = i**3 + 22*i**2 + 13*i - 9. Let a(z) = 2*z**3 + 43*z**2 + 26*z - 19. Let p(f) = 6*a(f) - 11*t(f). What is the units digit of p(-15)?
5
Let i(u) = u**3 - 4*u**2 + 2*u - 5. What is the units digit of i(5)?
0
Suppose -2*x + 2*o + 2 = 0, -4*x - 3 = -5*o - 8. Suppose x*r - 2*h - 18 = -r, 2*r = 5*h + 39. What is the units digit of r?
2
Let n = -69 - -124. Suppose 114 = 4*v + 2*u, -4*v + n = -2*v + 3*u. What is the tens digit of v?
2
Let p(t) = -2*t - 6. Suppose 3*c - 6 = 2*h - 1, 4*h + 18 = -2*c. What is the units digit of p(h)?
2
Suppose g + 86 = 3*n, -5*n + 7*g = 4*g - 150. Suppose -3*d + 30 = 3*h, -2*h + n + 13 = -3*d. What is the units digit of h?
4
Let m(l) = -l**3 - 5*l**2 - 5*l + 1. Let j be m(-4). Let y(p) = 2*p**2 - 5*p - 6. What is the units digit of y(j)?
9
Suppose d + 5 = -4*d. Let u be 2/(-3)*(-3)/d. Let o = u - -11. What is the units digit of o?
9
Let n(a) = -2*a**3 - a**2 - a - 11. Let z(i) = i**3 + i**2 + i - 1. Let w(t) = -n(t) - z(t). What is the units digit of w(0)?
2
Let i(f) = 7*f + 74. What is the units digit of i(0)?
4
Suppose 36 = -4*f + 3*o - o, 0 = 3*f + 2*o + 20. Let g = -9 - f. What is the tens digit of (-26)/((-2)/(-1)*g)?
1
Suppose 31*n - 621 = 28*n. What is the tens digit of n?
0
Let g = 30 + -15. Suppose 0 = j + w + g, j + 5*w = 2*j + 33. What is the units digit of 4/j - (-512)/36?
4
Let o = 5 + -3. Suppose 0*s + o = s. Suppose -2*h + 5*n + 32 = s*n, 3*h + 3*n = 18. What is the tens digit of h?
1
Suppose 4 = -3*v - 4*w, -w = v - 6*w - 24. Suppose -v*i + 37 + 43 = 0. What is the tens digit of i?
2
Let r(y) = -y**2 + 9*y + 3. What is the units digit of r(9)?
3
Suppose 2*t + 2*t = -4*b - 20, 4*b + 29 = 5*t. Let p be 9/b*14/(-3). What is the units digit of 12/42 - (-40)/p?
6
Let u = -48 - -25. Let d = u + 34. What is the units digit of d?
1
Let i = 89 + 139. What is the tens digit of i?
2
Let u(z) = z**3 + 13*z**2 - 4*z + 2. What is the tens digit of u(-13)?
5
Let r(m) = 3 + 20*m - 2 - 2 + 2. What is the tens digit of r(1)?
2
Let r = 18 + -12. Let i be (-225)/r + (-2)/4. Let u = -17 - i. What is the units digit of u?
1
Let q(o) = -o - 7. Let m be q(0). Let x = m + 12. What is the units digit of x?
5
Suppose 2*g = 6*f - 3*f + 32, 2*g + 5*f = 0. Suppose -2*b - 4*t = 0, 2*b = t + g + 5. Let l(w) = w**2 - 5*w - 4. What is the units digit of l(b)?
2
Let k(r) = -r**3 + 4*r**2 + r - 2. Let y be k(4). Suppose -y = 4*t - 10. What is the units digit of 17/t + 1/(-2)?
8
Let l(i) = -i**3 + 18*i**2 - 9*i - 42. What is the tens digit of l(17)?
9
Let g(w) = -10*w**2. Let j be g(2). Let i = 56 + j. What is the tens digit of i?
1
Let t be ((-2)/(-3))/(1/9). Let o be (t/18)/(1/69). Suppose -3*g + o - 5 = 0. What is the units digit of g?
6
Let l be 0/((-4)/((-6)/3)). Let y(s) = -s**3 - s**2 + s + 21. What is the tens digit of y(l)?
2
Suppose 0 = -3*p + 4*h + 10, 2*p = -p + h + 16. Suppose p*m - 4*m - 40 = 0. Suppose -2*a + 0 = -m. What is the tens digit of a?
1
Let m = -71 - -137. What is the units digit of m?
6
Suppose 84 = z + 4*d, z - 17 = 4*d + 43. What is the tens digit of z?
7
Suppose -d + 36 - 3 = 0. What is the units digit of d?
3
Let s = 2 + 0. Let j be -3*s/(-3) + 0. Suppose -25 = 5*u, -5*b + j*b = 5*u + 10. What is the units digit of b?
5
Let t = 89 - 39. What is the tens digit of t?
5
Let x be (-5)/1 - (-6)/2. Let b be -6*x/(-8)*-6. What is the units digit of b*(-2 + (-3)/(-1))?
9
Suppose 2*d = -6, 4*v - 3*d + 10 - 31 = 0. Suppose 4*c = -3*q - 66, -5*q + 3*c = v + 78. What is the units digit of (-2)/(-9) + (-140)/q?
8
Let j(s) = -s**3 - 2*s - 1. Let q be j(-1). What is the units digit of (-36)/(-30)*5/q?
3
Let i(y) = 1 - 4 - 1 + 0*y + 3*y. What is the units digit of i(5)?
1
Let x(w) = -w**3 + 5*w**2 + w + 1. Suppose -3*o - 3*s = -24, 5*o - 22 = -0*s + s. What is the units digit of x(o)?
6
Let m = -105 + 212. What is the units digit of m?
7
Let n(l) = -l**2 + 1. Let r be n(0). Let q = -7 + 2. What is the units digit of (q/3 + r)*-3?
2
Suppose 3*b = 2*s + 4, -8 = -5*s - 3*b + 24. Suppose 5*z - z - 5*w - 36 = 0, -w = s. What is the units digit of z?
4
What is the units digit of 4 + 7/1*8?
0
Let g(d) = d**3 + 3*d**2 + d + 9. Let p be g(-4). Suppose 3*m - 42 = m. Let z = m + p. What is the tens digit of z?
1
Suppose -3*i = 14 - 68. Suppose -i = -2*c + 3*q, 3*c + 2*c + 5*q - 45 = 0. Let b(a) = a - 5. What is the units digit of b(c)?
4
Suppose 5*r - 21 = -6. Suppose 3*s - 15 + r = 0. Suppose 0 = 5*j - 7*q + s*q - 84, 2*j - 2*q - 36 = 0. What is the tens digit of j?
1
Let c be 2 + 5/((-5)/2). Suppose 5*k + c*v - 3*v = 45, -68 = -4*k - 4*v. What is the units digit of k?
2
Let r be 2 - 2/(-3)*-3. Suppose 4*w = -4*u - 68, r = -4*w + 5*u - 12 - 29. What is the units digit of (w/(-5))/(8/20)?
7
Suppose 5*t - 2*b = b + 410, 3*t - 2*b - 246 = 0. What is the units digit of t?
2
Let l(g) = 2*g**2 - 4*g - 2. Suppose 2*m - 5 = z - 2, 0 = -2*m. What is the tens digit of l(z)?
2
What is the units digit of (-99)/(-11) + (4 - 1)?
2
Let w = -20 - -14. Let l be (w/(-3))/1 